-17*v + 261. Give k(15).
6
Let n(z) = -128*z - 1410. Determine n(-11).
-2
Let q(h) = 3*h + 33. Calculate q(-14).
-9
Let d(i) = 13*i**2 + 2*i - 5. Calculate d(2).
51
Let k(u) = u**3 + 4*u**2 + 4*u - 3. Determine k(-3).
-6
Let w(t) = -t**3 - 9*t**2 + 39*t + 22. Calculate w(-12).
-14
Let g(p) = -18*p + 71. Give g(6).
-37
Let a(j) = j**2 - 26. Determine a(0).
-26
Let x(v) = -2*v**2 - 6*v - 18. Determine x(-3).
-18
Let d(n) = n**2 + 11*n - 35. Calculate d(-14).
7
Let z(p) = p**2 + 2*p - 20. What is z(4)?
4
Let w(r) = r**2 + 5*r - 7. What is w(-3)?
-13
Let a(r) = -9*r**2 + 12*r + 3. Calculate a(3).
-42
Let c(o) = o**2 - 3*o + 7. What is c(6)?
25
Let n(s) = -s**2 - 12*s + 6. Give n(-12).
6
Let w(u) = 12*u - 101. Determine w(10).
19
Let v(s) = 17*s + 82. Determine v(-5).
-3
Let r(n) = -n**3 + 16*n**2 - 2*n + 33. What is r(16)?
1
Let p(o) = o**3 - 17*o**2 - 21*o + 23. Calculate p(18).
-31
Let i(v) = -v**2 - 14*v - 47. Determine i(-8).
1
Let y(t) = t**3 + 6*t**2 + 5*t + 10. Calculate y(-5).
10
Let v(f) = 57*f. Calculate v(-1).
-57
Let s(q) = 71*q - 2336. Give s(33).
7
Let s(w) = w**3 + 14*w**2 - 29*w + 46. What is s(-16)?
-2
Let d(i) = -16*i**2 - 2*i - 1. Give d(-1).
-15
Let h(u) = 10*u - 4. What is h(5)?
46
Let l(x) = -2*x**3 - 2*x**2 + 3*x + 4. What is l(-2)?
6
Let s(y) = -y**2 - 9*y + 92. Calculate s(7).
-20
Let h(g) = g**3 + 23*g**2 - 48*g + 59. Calculate h(-25).
9
Let a(n) = n**2 - 11*n - 15. Determine a(13).
11
Let m(g) = g**3 - 5*g - 4. What is m(-3)?
-16
Let k(t) = t**2 - 21*t - 65. Give k(24).
7
Let y(w) = -2*w + 12. Determine y(0).
12
Let u(f) = f**3 - 7*f**2 + 3*f - 1. What is u(6)?
-19
Let h(t) = 6*t - 27. Calculate h(-7).
-69
Let j(g) = -2*g**2 - 31*g - 100. Determine j(-12).
-16
Let q(i) = -i**3 - 23*i**2 - 44*i - 50. Give q(-21).
-8
Let l(a) = a**3 - 3*a - 2. Give l(3).
16
Let v(t) = -t**3 + 17*t**2 - 29*t - 15. What is v(15)?
0
Let s(f) = 2*f - 21. What is s(18)?
15
Let l(q) = -q**3 + 10*q**2 - 2*q - 4. Calculate l(10).
-24
Let r(o) = -46*o**2. Determine r(-1).
-46
Let i(a) = -a**3 + 18*a**2 - a + 24. Give i(18).
6
Let u(l) = -l**3 - 2*l**2 - 2*l + 6. Determine u(0).
6
Let z(a) = 67*a - 12. Calculate z(0).
-12
Let x(v) = 8*v - 52. Calculate x(8).
12
Let x(o) = 14*o. Calculate x(2).
28
Let d(p) = p**3 - 21*p**2 - 45*p - 48. What is d(23)?
-25
Let w(d) = d**2 - 37*d + 71. Give w(35).
1
Let r(y) = y**2 - 2*y + 6. What is r(6)?
30
Let w(x) = 2*x + 9. Calculate w(-4).
1
Let q(d) = d**2 + 7*d - 7. Determine q(-8).
1
Let x(n) = -16*n + 4. What is x(-2)?
36
Let c(o) = 11*o + 2. Determine c(2).
24
Let i(f) = -4*f - 12. Calculate i(-5).
8
Let d(p) = 2*p**3 + 3*p**2 + 3*p + 1. Determine d(-3).
-35
Let c(v) = -2*v + 48. Give c(18).
12
Let g(h) = 5*h**3 - 2*h**2 - 2*h + 2. What is g(2)?
30
Let g(o) = 3*o - 2. Calculate g(2).
4
Let i(v) = -8*v + 14. What is i(2)?
-2
Let d(b) = b**3 - 2*b**2 - b - 47. Determine d(0).
-47
Let c(a) = -a**3 - 14*a**2 + 19*a + 56. Give c(-15).
-4
Let v(a) = -a**3 + 8*a**2 + 11*a - 6. What is v(9)?
12
Let p(d) = 3*d**2 - 29*d - 11. What is p(10)?
-1
Let x(w) = -w**2 - 19*w - 27. Determine x(-10).
63
Let f(c) = -10*c - 124. Determine f(-13).
6
Let k(p) = -p**3 + 5*p**2 + 6*p - 3. Give k(5).
27
Let d(h) = 115*h**3 - 4*h**2 + 3*h + 1. Calculate d(1).
115
Let v(j) = -2*j**2 + 7. Give v(-5).
-43
Let w(u) = -u**3 - 8*u**2 + 2*u + 12. Calculate w(-8).
-4
Let v(w) = -7*w**3 - w**2 - 2*w - 2. Give v(-1).
6
Let q(x) = -2*x**2 - 23*x + 53. Determine q(-13).
14
Let x(a) = -a - 25. Determine x(-14).
-11
Let m(b) = -b**2 + 10*b + 6. Give m(8).
22
Let r(v) = 2*v**2 + 14*v - 30. What is r(-9)?
6
Let p(f) = 14*f - 13. Calculate p(5).
57
Let w(q) = q**2 - 21*q + 71. Calculate w(16).
-9
Let i(q) = -4*q + 20. Give i(-14).
76
Let v(l) = -10*l - 19. Determine v(-1).
-9
Let h(i) = -i**2 + 13*i + 61. Determine h(18).
-29
Let v(b) = 11*b**2 - 3*b + 2. Calculate v(1).
10
Let z(w) = w**3 - 7*w**2 - 5. What is z(7)?
-5
Let x(t) = -t**2 + 7*t - 6. Determine x(7).
-6
Let k(n) = -6*n**2 + 2*n + 2. Calculate k(2).
-18
Let o(l) = -l**2 + 23*l - 59. What is o(4)?
17
Let p(q) = -7*q**2 - q + 1. What is p(1)?
-7
Let s(k) = -3*k**2 - 5*k - 4. Give s(-4).
-32
Let z(k) = k**3 - 6*k**2 + 4*k. Give z(5).
-5
Let k(t) = 3*t**3 + 2*t**2 - 2*t - 2. Give k(2).
26
Let u(m) = m**2 - 9*m + 7. What is u(6)?
-11
Let t(i) = i**3 - 4*i**2 + 9*i - 26. Calculate t(4).
10
Let r(t) = t**2 + 7*t + 6. What is r(-4)?
-6
Let t(x) = -x**3 + 40*x**2 - 146*x + 79. Calculate t(36).
7
Let a(k) = -k**3 + 9*k**2 + 4*k - 21. Give a(9).
15
Let p(c) = c**3 + 3*c**2 + 3*c + 7. Determine p(-3).
-2
Let i(p) = -3*p**2 + p - 2. Give i(3).
-26
Let c(d) = d**2 - 17*d + 13. What is c(14)?
-29
Let o(t) = t**3 - 6*t**2 - 2*t - 10. Determine o(6).
-22
Let g(x) = x**3 - 15*x**2 + 5*x - 66. Calculate g(15).
9
Let x(o) = o**3 - 7*o**2 - 4*o + 9. Determine x(5).
-61
Let y(c) = -40*c + 572. Calculate y(14).
12
Let j(g) = -g**3 + 22*g**2 + 29*g - 168. What is j(23)?
-30
Let h(r) = -2*r - 7. What is h(5)?
-17
Let h(l) = -2*l**2 + 8. Calculate h(3).
-10
Let u(l) = l**3 + l**2 + 10*l + 18. Give u(-2).
-6
Let j(o) = -o**2 - 9*o + 35. Calculate j(-9).
35
Let i(w) = -w**3 + 8*w**2 + 4. Calculate i(8).
4
Let h(q) = -q**2 + 4*q - 5. Calculate h(5).
-10
Let s(f) = -f**2 + 27*f + 6. Determine s(28).
-22
Let i(j) = -j**3 - 9*j**2 - 9*j + 5. Calculate i(-8).
13
Let k(m) = -4*m**2 + 12*m + 5. Give k(4).
-11
Let q(l) = l - 35. Give q(36).
1
Let s(f) = 8*f**2 + 226*f + 59. Give s(-28).
3
Let n(x) = 23*x - 1. Determine n(1).
22
Let v(k) = k**3 + 9*k**2 + 4*k - 16. Calculate v(-7).
54
Let z(b) = b**2 + 27*b + 31. Give z(-26).
5
Let w(d) = -13*d + 8. What is w(0)?
8
Let o(d) = d**3 + 4*d**2 + 3*d - 2. Determine o(-4).
-14
Let o(d) = -d**2 + 3*d + 5. Give o(5).
-5
Let v(h) = 6*h + 2. Determine v(9).
56
Let q(d) = d**3 - 7*d**2 + 7*d + 14. Calculate q(5).
-1
Let v(u) = -u - 17. Calculate v(2).
-19
Let a(p) = -p**3 - 16*p**2 - 15*p - 26. What is a(-15)?
-26
Let u(j) = -27*j - 25. Give u(-6).
137
Let h(q) = -q**3 + 4*q**2 - 3*q + 50. Give h(6).
-40
Let d(i) = -i**3 + 16*i**2 - 15*i + 9. Calculate d(15).
9
Let c(i) = -i**2 - 5*i. Determine c(3).
-24
Let y(r) = 13*r. Give y(-1).
-13
Let r(v) = -3*v - 21. Calculate r(-5).
-6
Let d(w) = -4*w**2 - 7*w + 2. What is d(6)?
-184
Let j(x) = 2*x - 24. Calculate j(10).
-4
Let b(m) = 5*m**2 - 9*m + 14. Calculate b(5).
94
Let p(l) = -l**2 + 10*l + 11. Calculate p(9).
20
Let p(f) = f**3 + 24*f**2 + 25*f + 50. What is p(-23)?
4
Let g(r) = -r + 1. Determine g(-3).
4
Let t(i) = 534*i + 2673. What is t(-5)?
3
Let y(c) = c**3 - 6*c**2 + 7*c + 5. Give y(4).
1
Let f(g) = -g - 7. Calculate f(-6).
-1
Let h(q) = q**2 + 13*q + 28. What is h(-4)?
-8
Let h(o) = -o - 1. Determine h(-3).
2
Let d(j) = -39*j - 200. Calculate d(-5).
-5
Let d(l) = 24*l**2 + 2*l - 1. What is d(1)?
25
Let h(y) = y**2 - 9*y + 23. What is h(6)?
5
Let j(g) = g + 1. Calculate j(8).
9
Let y(r) = 4*r - 36. Give y(7).
-8
Let c(i) = i**2 - 7*i + 12. Determine c(3).
0
Let m(d) = -18*d - 212. Calculate m(-11).
-14
Let s(x) = x**3 - 7*x**2 - 2*x + 10. What is s(7)?
-4
Let h(u) = u - 14. Give h(-7).
-21
Let v(z) = z**3 - 2*z**2 + 1. Give v(3).
10
Let o(b) = -31*b - 1. Determine o(-1).
30
Let b(d) = 11*d + 51. Determine b(-5).
-4
Let p(j) = -j**3 - 7*j**2 - 7*j - 3. Give p(-6).
3
Let q(j) = -j**3 + 21*j**2 + 74*j - 48. What is q(24)?
0
Let j(i) = -i**3 - 4*i**2 + 22*i + 19. Determine j(-8).
99
Let r(i) = 2*i**2 - 4*i - 2. Determine r(-3).
28
Let y(c) = -3*c - 17. Give y(-17).
34
Let j(g) = 16*g + 3. Determine j(2).
35
Let n(z) = z**2 + 9*z + 5. Calculate n(-7).
-9
Let d(v) = -v**3 - v**2 + 9. Calculate d(0).
9
Let g(o) = o**2 + 3*o + 1. Calculate g(4).
29
Let m(q) = -2*q + 29. Determine m(-18).
65
Let a(y) = 4*y**2 - 32*y + 17. What is a(7)?
-11
Let d(g) = 3*g**2 - 3*g - 3. Determine d(3).
15
Let m(z) = 8*z. Give m(3).
24
Let q(u) = 5*u**2 - 230*u + 3. Determine q(46).
3
Let k(x) = -3*x**2 - 37*x + 27. Determine k(-13).
1
Let f(j) = -5*j - 7. What is f(-8)?
33
Let x(h) = -3*h**3 - 3*h**2 + h. Calculate x(1).
-5
Let x(j) = -7*j - 11. What is x(13)?
-102
Let n(a) = a - 3. What is n(-9)?
-12
Let q(n) = -122*n**2 + 5*n - 5. Calculate q(1).
-122
Let g(f) = f**3 + 4*f + 1. What is g(-2)?
-15
Let w(c) = -6*c - 11. Give w(-4).
13
Let i(s) = s**3 - 4